ose 10977 = -53*y + 54*y. What is the ten thousands digit of y?
1
Let w = 610 - 303. What is the hundreds digit of w?
3
Suppose -q = -4, 2*m - 4*q = -51 + 21. What is the tens digit of 362 + (8 + -22 - m)?
5
Suppose 0 = -g - 8*b + 26614 + 4670, 5*b + 156555 = 5*g. What is the thousands digit of g?
1
Let f be 19564 + 6 + (3 - 5). What is the units digit of f/96 + 2/12?
4
Let b be 5 + (-1 - (0 + 2)). Suppose -2*r + 861 = 217. Suppose b*m + 0*m - r = -a, -m = -a - 155. What is the tens digit of m?
5
What is the units digit of 4/(-3)*1402947/(-468)?
7
Let g(s) = 3*s**2 - 4*s - 6. Let u be g(3). What is the units digit of 3028/18 + -4 + (-2)/u?
4
Let t(q) = 2*q**3 - 9*q**2 - 8*q - 15. Let c be t(7). Let m = c + -124. Suppose -j = -3*n + m - 8, 0 = 2*j - 6. What is the units digit of n?
5
Let k = -171239 - -244092. What is the tens digit of k?
5
Suppose -196 = -5*d - u, -5*d + 75 = 3*u - 123. Suppose 317 + d = 4*y. What is the tens digit of y?
8
Let n(h) = -646*h + 50513. What is the hundreds digit of n(0)?
5
Suppose 294 = 3*f - 0*f. What is the thousands digit of 718*(-21)/f*-7?
1
Let t(n) = 9*n**2 + 60*n + 328. What is the units digit of t(31)?
7
Let a = -224 - -119. Let l(y) = -2*y**3 + 29*y**2 - 28*y - 27. Let z be l(14). Let c = a - z. What is the units digit of c?
8
What is the thousands digit of (-284)/(-48)*141*((-3 - -8) + -1)?
3
Let k be ((-2)/4)/((-1)/1946). Suppose -11*n - h + 943 = -8*n, 5*h = 3*n - k. What is the tens digit of n?
1
Let u = 218 + 53. Suppose -7*k = -1195 + u. What is the hundreds digit of k?
1
Let l be (-1)/2*(25 - 37). What is the tens digit of 89469/72 + l/16?
4
Let s = 11 + -8. Let f be 3/((36/(-16))/s). What is the tens digit of f - 1*(-41 + 4)?
3
Suppose 244*g - 235*g = 10134. Let u = 1924 - g. What is the hundreds digit of u?
7
Let t(k) = -k + 6. Let n(o) be the second derivative of -o**2/2 - 10*o. Let q(v) = 4*n(v) + t(v). What is the units digit of q(0)?
2
Let p(z) = -z**3 + 12*z**2 - 16*z + 22. Let c be p(10). Let t = 94 + c. What is the hundreds digit of t?
1
Suppose -32*z + 1133176 = 12*z. What is the tens digit of z?
5
Suppose 0 = 16*h - 14*h - 8. Let d be 2/(-18)*-682 + h/18. Suppose i = -m + 2*i + 82, m + i = d. What is the tens digit of m?
7
Let h(i) = 67*i**3 + 3*i**2 + 15*i - 14. What is the thousands digit of h(5)?
8
Let l be (-3)/(-2) + (-2)/(-4). Suppose 4*c + 44 = -4*j + 136, -31 = -l*c + j. Suppose c*z = 13*z + 500. What is the hundreds digit of z?
1
Let k(p) = 8*p - 443. Let g be k(0). Let l = -113 - g. What is the tens digit of l?
3
Let o(a) = 2*a**2 + 5*a + 55. Let v(n) = -9*n + 78. Let p be v(10). What is the tens digit of o(p)?
8
Let c(k) = 3467*k + 202. What is the units digit of c(2)?
6
Suppose 1067*w = 1060*w + 77. What is the thousands digit of -3*w/((-66)/4040)?
2
Let m(u) = u**3 + 106*u**2 - 95*u - 232. What is the hundreds digit of m(-106)?
8
Let u be 1/(2/8) + (-11)/(-11). Suppose -2*z + u*q = -129, -2*z + z - q = -61. Let v = z - -21. What is the units digit of v?
3
Suppose -10550 = 21*w + 24247. Let n = w + 2358. What is the units digit of n?
1
Suppose 7*n + 4196 = 11*n. Let z = n + -511. What is the tens digit of z?
3
What is the hundreds digit of 2*(-30 - -3719 - (-2)/(-2))?
3
Suppose -6*v + 65145 = -4*w - 39319, 0 = -3*v - 3*w + 52212. What is the ten thousands digit of v?
1
Let w(p) = p**3 + 7*p**2 - 10*p - 12. Let d be w(-8). Suppose -d*q - q - 495 = 0. What is the tens digit of q*((-10)/3)/5?
6
Let b(q) = -q**2 - 8*q - 10. Let l be b(-15). Let m be 14/119 - (2 - 9582/51). Let k = l + m. What is the tens digit of k?
7
What is the ten thousands digit of (6/(-87) - 0) + 342725080/4292?
7
What is the thousands digit of 584831/65 + (24/15 - 2)?
8
Let p = 1237 - 736. Let d = 801 - p. What is the tens digit of d?
0
Let p(h) = h**3 + 17*h - 7 - 4 - 10*h**2 + 6. Let u be p(8). Suppose -3*a = -2*g - 217, 0 = u*a - 6*a + 5*g + 214. What is the units digit of a?
3
Let j be 193144/154 + 2/(-11). What is the units digit of 2/(-4) + 0 - j/(-228)?
5
Let o = 95 - -181. Let y = 529 - o. What is the units digit of y?
3
Suppose 5*m + 173*m = 118192. What is the units digit of m?
4
What is the tens digit of (3939 - (-81)/9) + 11?
5
Let j = 23 + 2. Suppose -3*y + 330 = 43*q - 40*q, 4*y = -3*q + 435. Let s = y + j. What is the tens digit of s?
3
Suppose 0 = -2*r + 194 - 184. Suppose 20 = -5*c, -2*v = -c - r - 5. What is the units digit of v?
3
Suppose 0 = 4*d + 2*w - 31602, 3*w - 8835 = -d - 932. What is the tens digit of d?
0
Suppose 0 = 3*w + 6*w - 27. Suppose 28 = -w*b + 10*b. Suppose b = -u, -5*j + 276 = 3*u - 192. What is the tens digit of j?
9
What is the tens digit of 1556 - (249/27 + (-64)/288)?
4
Suppose -5*n + 8*g + 67860 = 3*g, -4*g = 5*n - 67824. What is the units digit of n?
8
Let p(d) = d - 1. Let q(n) = -3*n + 8. Let v(x) = -4*p(x) - q(x). Let g be (-22)/1*2/4. What is the units digit of v(g)?
7
Let c(t) = 601*t**2 + 36*t - 347. What is the ten thousands digit of c(-7)?
2
Suppose -4*h + l + 223 = 0, -3*h - l + 162 = -0*h. Let o be 22/(-44) + -1 + h/(-2). Let u = o - -46. What is the tens digit of u?
1
Let l be ((-522)/36)/((-1)/(-2)). Let d = 48 + l. Let p = -2 + d. What is the units digit of p?
7
Let p(l) = 21*l**2 - 31*l + 50. What is the tens digit of p(-12)?
4
Let q(f) = -f**2 + 24*f - 9. Let m(p) = 2*p - 3. Let b be m(5). Let t be 1/b + 555/35. What is the tens digit of q(t)?
1
Let y(j) = 738*j - 2663. What is the hundreds digit of y(20)?
0
Let i(g) = -16*g**3 + 7*g**2 + 15*g - 14. What is the tens digit of i(-4)?
6
Suppose 5467 = 2*s + 2*k - 38843, 3*k = 4*s - 88557. What is the thousands digit of s?
2
Suppose 34666*g - 34679*g + 218842 = 0. What is the thousands digit of g?
6
Suppose -n + 226 = 5*p - 689, 373 = 2*p - n. Let y = p + -32. What is the units digit of y?
2
Let n(h) = -h + 16. Let x be n(-23). Suppose -x*q + 22277 = -15553. What is the units digit of q?
0
Let x(k) = -1034*k + 151. What is the tens digit of x(-9)?
5
Let y(q) = -q**3 + 9*q**2 - 8*q - 6. Let d be y(6). Let p = -52 + d. What is the tens digit of (-1299)/(-12) - p/8?
0
Let l = 77052 - 29728. What is the thousands digit of l?
7
Let k(r) = -787*r + 2021. What is the ten thousands digit of k(-11)?
1
Let k(w) = 2*w**3 + 7*w**2 + 54*w + 39. What is the units digit of k(15)?
4
Let y be ((-2)/((-6)/(-1491)))/(9 + -8). Let x = y - -866. What is the tens digit of x?
6
Let d(r) = -21*r + 25. Let x be d(1). Suppose -3*c + x*l + 165 = 0, l - 165 = -3*c + 6*l. What is the units digit of c?
5
Let f = 31 + 9. Let r = 40 - f. Suppose -2*l + 5*w = -97, -l + 2*l + 2*w - 44 = r. What is the units digit of l?
6
Let i(c) = c**3 + 2*c**2 + 6*c. Suppose -6*x + 15 = -45. What is the units digit of i(x)?
0
Let t(o) = -2*o**3 - 6*o**2 + 6*o + 2. Let v be t(-5). Let w = 39 - v. What is the units digit of 14/77 - 2865/w?
7
Let n be 0 + 3 - (-66)/(-33). Let s(r) = 191*r**2 - 2*r - 1. What is the hundreds digit of s(n)?
1
Let b(r) = -44*r - 33. Let n be b(-6). Suppose 0 = -4*i + k + 872, 0 = i + k + 2*k - n. Suppose 3*g - 330 - i = 0. What is the tens digit of g?
8
Suppose 4*r + 4*s = -921 + 145, -r - 3*s = 194. Let b = 32 - r. What is the tens digit of b?
2
Let c be (-12)/8*(536/12 + 0). Let v = -41 + c. Let b = 272 + v. What is the hundreds digit of b?
1
Let y(t) = 67*t**2 + 9*t - 6. Let p be -5 + 2/(-6) + (-550)/(-66). What is the units digit of y(p)?
4
Suppose 0 = 5*r - 2*k - 34810, -11*k = r - 7*k - 6940. Suppose 15*v - r - 1230 = 0. What is the hundreds digit of v?
5
Suppose 5*a - 30*d = -27*d - 2176, -2*a - 5*d - 889 = 0. Let z = a + 1289. What is the tens digit of z?
5
Let j = 1821 - -34732. What is the hundreds digit of j?
5
Suppose 30811 = 5*j + g, -4*g = 2*j - 7014 - 5296. What is the thousands digit of j?
6
Let m = 1200 - 1025. What is the hundreds digit of m?
1
Suppose -122*s + 12997 = -118*s - u, 3247 = s + 2*u. What is the units digit of s?
9
Let g(c) = -c. Let s(i) = 21*i - 3. Let d(w) = 5*g(w) + s(w). Let r be d(3). What is the tens digit of (r/25)/((-2)/(-70))?
6
Let k(p) = 3*p**2 + 22*p + 21. Let s be k(-1). What is the hundreds digit of (2 - -36*(-43)/s)/(-2)?
3
Let y(g) = -57*g - 16. Let m be y(5). Let w = m - -664. What is the hundreds digit of w?
3
Let i = -434 - -442. What is the units digit of (-25194)/68*